1
What are the prime factors of 1008?
2, 3, 7
List the prime factors of 1068.
2, 3, 89
List the prime factors of 1394.
2, 17, 41
List the prime factors of 4738.
2, 23, 103
What are the prime factors of 7602?
2, 3, 7, 181
What are the prime factors of 6217?
6217
List the prime factors of 10804.
2, 37, 73
List the prime factors of 3408.
2, 3, 71
List the prime factors of 1545.
3, 5, 103
What are the prime factors of 1061?
1061
List the prime factors of 56556.
2, 3, 1571
List the prime factors of 8231.
8231
What are the prime factors of 13265?
5, 7, 379
What are the prime factors of 668?
2, 167
What are the prime factors of 114?
2, 3, 19
What are the prime factors of 13089?
3, 4363
List the prime factors of 32739.
3, 7, 1559
What are the prime factors of 7124?
2, 13, 137
What are the prime factors of 2987?
29, 103
List the prime factors of 3870.
2, 3, 5, 43
What are the prime factors of 1231?
1231
What are the prime factors of 2329?
17, 137
List the prime factors of 4551.
3, 37, 41
What are the prime factors of 513?
3, 19
What are the prime factors of 6799?
13, 523
What are the prime factors of 653?
653
What are the prime factors of 21775?
5, 13, 67
What are the prime factors of 3221?
3221
List the prime factors of 1062.
2, 3, 59
What are the prime factors of 355?
5, 71
List the prime factors of 15449.
7, 2207
List the prime factors of 10239.
3, 3413
List the prime factors of 19216.
2, 1201
What are the prime factors of 13037?
13037
List the prime factors of 222.
2, 3, 37
List the prime factors of 13562.
2, 6781
What are the prime factors of 901?
17, 53
List the prime factors of 7016.
2, 877
List the prime factors of 3461.
3461
List the prime factors of 279.
3, 31
What are the prime factors of 559?
13, 43
List the prime factors of 84775.
5, 3391
List the prime factors of 739.
739
What are the prime factors of 140488?
2, 17, 1033
List the prime factors of 1332.
2, 3, 37
What are the prime factors of 48095?
5, 9619
List the prime factors of 2179.
2179
List the prime factors of 733.
733
What are the prime factors of 4107?
3, 37
List the prime factors of 143.
11, 13
List the prime factors of 289.
17
What are the prime factors of 221?
13, 17
What are the prime factors of 278?
2, 139
What are the prime factors of 2274?
2, 3, 379
List the prime factors of 969.
3, 17, 19
What are the prime factors of 4920?
2, 3, 5, 41
List the prime factors of 78414.
2, 3, 7, 1867
What are the prime factors of 60?
2, 3, 5
What are the prime factors of 374?
2, 11, 17
List the prime factors of 1307.
1307
What are the prime factors of 402?
2, 3, 67
What are the prime factors of 3750?
2, 3, 5
List the prime factors of 3870.
2, 3, 5, 43
List the prime factors of 1700.
2, 5, 17
What are the prime factors of 54872?
2, 19
List the prime factors of 1026.
2, 3, 19
List the prime factors of 1369.
37
List the prime factors of 4514.
2, 37, 61
List the prime factors of 123.
3, 41
What are the prime factors of 889?
7, 127
What are the prime factors of 18002?
2, 9001
List the prime factors of 3698.
2, 43
What are the prime factors of 253?
11, 23
List the prime factors of 665.
5, 7, 19
List the prime factors of 883.
883
What are the prime factors of 10030?
2, 5, 17, 59
What are the prime factors of 11646?
2, 3, 647
List the prime factors of 12941.
12941
List the prime factors of 9663.
3, 3221
List the prime factors of 12885.
3, 5, 859
What are the prime factors of 4107?
3, 37
List the prime factors of 4090.
2, 5, 409
What are the prime factors of 990?
2, 3, 5, 11
List the prime factors of 24719.
19, 1301
What are the prime factors of 78216?
2, 3, 3259
List the prime factors of 5893.
71, 83
What are the prime factors of 1792?
2, 7
List the prime factors of 12665.
5, 17, 149
What are the prime factors of 719?
719
List the prime factors of 3875.
5, 31
What are the prime factors of 10077?
3, 3359
List the prime factors of 33887.
7, 47, 103
What are the prime factors of 3854?
2, 41, 47
What are the prime factors of 1956?
2, 3, 163
List the prime factors of 1008.
2, 3, 7
What are the prime factors of 9339?
3, 11, 283
What are the prime factors of 105739?
41, 2579
List the prime factors of 1590.
2, 3, 5, 53
List the prime factors of 5982.
2, 3, 997
What are the prime factors of 997?
997
List the prime factors of 6849.
3, 761
List the prime factors of 42625.
5, 11, 31
List the prime factors of 1025.
5, 41
List the prime factors of 18224.
2, 17, 67
What are the prime factors of 725?
5, 29
List the prime factors of 8447.
8447
What are the prime factors of 8774?
2, 41, 107
List the prime factors of 18882.
2, 3, 1049
List the prime factors of 121883.
121883
What are the prime factors of 1339?
13, 103
List the prime factors of 278.
2, 139
What are the prime factors of 3155?
5, 631
List the prime factors of 40956.
2, 3, 3413
List the prime factors of 14012.
2, 31, 113
List the prime factors of 190590.
2, 3, 5, 6353
What are the prime factors of 32139?
3, 3571
What are the prime factors of 3921?
3, 1307
What are the prime factors of 50769?
3, 5641
What are the prime factors of 2123?
11, 193
List the prime factors of 3.
3
What are the prime factors of 1124?
2, 281
List the prime factors of 64334.
2, 19, 1693
List the prime factors of 501.
3, 167
What are the prime factors of 80748?
2, 3, 2243
List the prime factors of 526.
2, 263
List the prime factors of 1389.
3, 463
List the prime factors of 1107.
3, 41
List the prime factors of 13710.
2, 3, 5, 457
What are the prime factors of 188?
2, 47
What are the prime factors of 58726?
2, 29363
What are the prime factors of 1909?
23, 83
List the prime factors of 5381.
5381
What are the prime factors of 4495?
5, 29, 31
What are the prime factors of 98835?
3, 5, 11, 599
What are the prime factors of 2126?
2, 1063
What are the prime factors of 1212?
2, 3, 101
List the prime factors of 1747.
1747
What are the prime factors of 81740?
2, 5, 61, 67
What are the prime factors of 82948?
2, 89, 233
List the prime factors of 6555.
3, 5, 19, 23
List the prime factors of 1546.
2, 773
List the prime factors of 2.
2
What are the prime factors of 4689?
3, 521
What are the prime factors of 9187?
9187
List the prime factors of 14263.
17, 839
What are the prime factors of 873?
3, 97
List the prime factors of 1864.
2, 233
List the prime factors of 25625.
5, 41
List the prime factors of 13467.
3, 67
List the prime factors of 2869.
19, 151
List the prime factors of 1793.
11, 163
List the prime factors of 24972.
2, 3, 2081
List the prime factors of 168.
2, 3, 7
List the prime factors of 1743.
3, 7, 83
What are the prime factors of 138316?
2, 151, 229
What are the prime factors of 28203?
3, 7, 17, 79
What are the prime factors of 5647?
5647
List the prime factors of 7540.
2, 5, 13, 29
List the prime factors of 4335.
3, 5, 17
What are the prime factors of 15411?
3, 11, 467
What are the prime factors of 228?
2, 3, 19
What are the prime factors of 1554?
2, 3, 7, 37
List the prime factors of 252.
2, 3, 7
What are the prime factors of 11932?
2, 19, 157
What are the prime factors of 575?
5, 23
List the prime factors of 62356.
2, 7, 17, 131
List the prime factors of 76948.
2, 19237
What are the prime factors of 61085?
5, 19, 643
What are the prime factors of 876?
2, 3, 73
List the prime factors of 13711.
13711
List the prime factors of 10349.
79, 131
List the prime factors of 2943.
3, 109
What are the prime factors of 11554?
2, 53, 109
What are the prime factors of 17042?
2, 8521
List the prime factors of 9911.
11, 17, 53
List the prime factors of 5625.
3, 5
List the prime factors of 73752.
2, 3, 7, 439
List the prime factors of 854.
2, 7, 61
What are the prime factors of 653?
653
What are the prime factors of 1574?
2, 787
List the prime factors of 25.
5
List the prime factors of 129.
3, 43
What are the prime factors of 2979?
3, 331
What are the prime factors of 30103?
30103
List the prime factors of 3602.
2, 1801
What are the prime factors of 2303?
7, 47
List the prime factors of 334.
2, 167
What are the prime factors of 543?
3, 181
What are the prime factors of 18849?
3, 61, 103
What are the prime factors of 2422?
2, 7, 173
List the prime factors of 1046.
2, 523
What are the prime factors of 9736?
2, 1217
List the prime factors of 17593.
73, 241
What are the prime factors of 726?
2, 3,